+ 2412, w - 2*w + x*o = -1220. What are the prime factors of w?
2, 7, 43
Let q = -271 - -470. Suppose q = -2*p + 559. What are the prime factors of p?
2, 3, 5
Suppose 5*t = -4*g + 16264 + 138148, 3*g - 30889 = -t. List the prime factors of t.
2, 5, 193
Let w(v) = -v**3 - 10*v**2 - 16*v + 6. Let i be w(-8). Let f(t) = 3*t**3 + 5*t**2 + 10*t - 11. What are the prime factors of f(i)?
877
Let g(j) = 10*j + 13. Let t be g(6). Suppose 3*b - 75 = 2*n + n, 3*b + 5 = -n. Let x = t - n. What are the prime factors of x?
3, 31
Let s(l) = 1218*l**2 - 21*l - 1. Suppose -17 + 13 = -4*b - 4*a, 0 = 5*b - 4*a + 13. What are the prime factors of s(b)?
2, 619
Let c = -27 + 37. Let w(l) = 20*l + 9. Let x(m) = -21*m - 11. Let y(j) = -6*w(j) - 7*x(j). List the prime factors of y(c).
293
Let i(z) be the first derivative of -3*z**4/4 - z**3/3 + 8*z**2 + 5*z - 19. Let u be i(-5). Suppose -146 + u = h. What are the prime factors of h?
3, 43
Suppose 4 = -4*l, 3*z + 5442 = 7*z + 2*l. Suppose 6*p = 49 + z. List the prime factors of p.
5, 47
Suppose 5*y - 1076 + 149 = -2*c, c = 5*y - 939. Let m = -77 + y. What are the prime factors of m?
2, 5, 11
Let s(h) be the second derivative of 2*h**4/3 + h**3/6 + 9*h**2/2 + h - 1. What are the prime factors of s(7)?
2, 3, 17
Suppose 15491 - 42497 = -5*y + 32624. List the prime factors of y.
2, 67, 89
Let w(f) = 7*f - 23. Let n = -36 - -31. Let z(t) = -4*t + 12. Let g(a) = n*z(a) - 3*w(a). List the prime factors of g(3).
2, 3
What are the prime factors of 10/(400/(-122170))*(-35 + 11)?
2, 3, 19, 643
Suppose -163*t + 39648 = -103140. List the prime factors of t.
2, 3, 73
Suppose 2*b = 9 + 5. Suppose -b*m = -91 - 336. What are the prime factors of m?
61
Let q(s) = -719*s - 8. Let l(d) = 721*d + 9. Let y(t) = -6*l(t) - 5*q(t). What are the prime factors of y(-2)?
2, 181
Let x be 2/10 + (-2545852)/(-290). Suppose -x = -5*m + 29*o - 26*o, m - 1755 = o. What are the prime factors of m?
7, 251
Suppose 23 = q - 5*y - 22, -5*y = -3*q + 85. Suppose -2*l + 3*l = 0. Let f = l + q. List the prime factors of f.
2, 5
Suppose 2*b + 4*i = 200, -3*i - 63 - 411 = -5*b. Let z = 230 - b. List the prime factors of z.
2, 67
List the prime factors of 0*2/16 + (-30216)/(-7 - -3).
2, 3, 1259
Let x(l) = l**2. Let u be x(2). Suppose -g + 4*h + 6 = 4*g, -u*g - h - 12 = 0. List the prime factors of (g + 0)/(0 - (-6)/(-171)).
3, 19
Suppose -4*v = -9*v - 5*b + 31025, -v + 11*b = -6313. What are the prime factors of v?
2, 13, 239
Suppose 4*m - 3*r + 17 = 40, -r - 11 = -2*m. Suppose 4*p - 3*p - m*b = 0, b = 4. What are the prime factors of p?
2, 5
Let o(z) = -55 + 18*z**3 - 14*z**3 - 5*z**3 - 15*z**2 - 22*z. List the prime factors of o(-16).
7, 79
Suppose 3*y = -5*n + 27, -9*y + 5*y + 4 = -4*n. Suppose -13*q = -18*q - r + 9037, n*r + 9029 = 5*q. List the prime factors of q.
13, 139
Let t(r) = -r**3 + 9*r**2 + 41*r + 9. Let n = 87 - 37. Suppose -7*z + 2*y + 70 = -2*z, 2*y - n = -5*z. What are the prime factors of t(z)?
3, 23
Let w = 2316 - 1191. What are the prime factors of w?
3, 5
Let l = 353 + -107. Let v = -125 + 253. Let g = l - v. List the prime factors of g.
2, 59
Suppose -4*l + 18 = -2*l + 2*f, 4*f + 48 = 3*l. Suppose 3*x - 2*s + l = 31, 5*x = -s + 23. Suppose u = -x*u + 624. What are the prime factors of u?
2, 13
Let x(r) = 75*r**2 + 2*r + 3. Let y(j) = j**3 + 26*j**2 + 23*j - 52. Let s be y(-25). Let g be x(s). List the prime factors of (-2)/4*(13 - g).
11, 13
Suppose 3*i - 11965 = -12133. Suppose -5*m + 390 = -120. Let r = m + i. What are the prime factors of r?
2, 23
Let i be (-48)/(-10)*(-120)/(-9). Suppose 5*w - 2296 = -2171. Let c = i - w. What are the prime factors of c?
3, 13
Suppose 2*n + 25 = -255. Let t = 463 - 632. Let h = n - t. What are the prime factors of h?
29
Let o(a) = -a + 2. Let q(l) = -l**2 - 34*l - 53. Let i(w) = 5*o(w) + q(w). What are the prime factors of i(-17)?
331
Let x = 101 - 96. Let m(r) = -6*r + 48. Let o be m(x). Suppose -21*b = -o*b - 630. What are the prime factors of b?
2, 3, 5, 7
Suppose 444*b - 442*b = 2890. What are the prime factors of b?
5, 17
Let r(s) = -s**3. Let g(b) = 3*b**3 + 8*b**2 + 12*b + 8. Let n = 5 + -6. Let z(y) = n*g(y) - 2*r(y). List the prime factors of z(-8).
2, 11
Suppose -8 = -g + 3*n + 6, 3*g + 2*n - 20 = 0. Suppose -6*f = 50 - g. Let d(k) = -21*k - 12. List the prime factors of d(f).
3, 5
Suppose 5*t = c - 916, -c = t + 4*t - 946. What are the prime factors of c?
7, 19
Let c be 2/8 + 18/(-72). Suppose 3*n = 4*n - 4. Suppose n*t - t - 243 = c. What are the prime factors of t?
3
Suppose 29*s = f - 11513, -39*f - 3*s = -40*f + 11305. What are the prime factors of f?
29, 389
Let b(y) = y**2 - 3*y - 2. Let c be b(0). What are the prime factors of 949/6 + (c - 44/(-24))?
2, 79
Let x(u) = -2*u**2 - 11*u + 19. Let f be x(-7). Let q(p) = -3 - p**2 - 5*p**2 - 6*p**3 + 5*p**2 - p**2. List the prime factors of q(f).
37
Let i(s) = 767*s - 134. What are the prime factors of i(35)?
26711
Let q(y) = y**2 - 10*y - 68. Let g be q(-31). Let o = g + -396. What are the prime factors of o?
3, 269
Suppose 0 = 4*w + 4*f - 7884, -3*w + 5905 = -7*f + 2*f. What are the prime factors of w?
2, 5, 197
Let w = 4942 + -1103. Let y = w + -2283. What are the prime factors of y?
2, 389
Suppose -o - c = -6044, o - 7763 = -5*c - 1731. List the prime factors of o.
6047
Suppose -101 = 2*m + 5*y, 3*m - 98 = 5*m + 2*y. Let q = m + 752. List the prime factors of q.
2, 11
Let u(p) = -496*p**3 + p**2 + 19*p + 19. Suppose 3*l + 11*l + 14 = 0. List the prime factors of u(l).
7, 71
Suppose 296*t - 300*t = -17128. Suppose 479 + t = 9*m. What are the prime factors of m?
23
Let s be (-2)/(-7) - (0 + (-47)/7). Suppose 4*k + 3*q - 2*q - 9 = 0, -5*q = k - s. What are the prime factors of 88 + 4/4 + k/1?
7, 13
Suppose 8*p - 12*p - 16 = 0. Let c be ((-60)/8)/((-1)/p*-2). List the prime factors of 1/3 + 1675/c.
2, 7
Let p(y) = -3269*y**2 + 3*y + 4. Let a be p(-2). List the prime factors of (a/39)/(5/(-15)).
2, 503
Let c(b) = b**3 + 15*b**2 - 3*b - 26. Suppose -21*f + 39*f = -198. List the prime factors of c(f).
491
List the prime factors of (-161236)/(-14) - (902/(-154))/41.
3, 11, 349
Let b(q) = 38*q - 90. Let u be (0 - -1) + (19 - (17 - 9)). What are the prime factors of b(u)?
2, 3, 61
Let k(c) = -2*c**2 - 5*c**2 - 12*c**2 - 2*c + 705 + 13*c**2. What are the prime factors of k(0)?
3, 5, 47
Suppose -w = -a - 3*w + 3, -a + 4*w + 21 = 0. Suppose -9*b + 10*b = a. What are the prime factors of (51/b)/((-1)/(-3))?
17
Let n be (533/5 + (-18)/(-45))/1. Let b = 1242 - n. List the prime factors of b.
5, 227
Suppose 3927 = 9*h - 1176. Let d = h - 138. What are the prime factors of d?
3, 11, 13
Let f = 5396 - 2923. List the prime factors of f.
2473
Suppose 2*n - 2 = 0, y - 5*n + 20 = 4*y. Suppose z = y*z - 16. Suppose 77 = z*a - 11. What are the prime factors of a?
2, 11
Let c = -40508 - -91061. What are the prime factors of c?
3, 41, 137
Let t be ((-5)/3)/(4/(-12)). Suppose 1647 = t*u - q, -5*u + 9*q + 1635 = 4*q. List the prime factors of u.
2, 3, 5, 11
Suppose -3*a + 12*v - 8*v + 18245 = 0, 5*a - 30355 = -4*v. List the prime factors of a.
3, 5
Let v(c) = 155*c + 217. Let s(a) = -104*a - 145. Let b(y) = 8*s(y) + 5*v(y). List the prime factors of b(-13).
2, 3, 37
Suppose -i + 2697 = 5*r - 3*i, 5*r - 5*i = 2700. Let p = -512 + r. What are the prime factors of p?
3
Let v(t) = -t**2 - 3*t + 9. Let o be v(-5). Let k be 1*9*o + (-21)/7. List the prime factors of (87/k)/(((-15)/36)/5).
3, 29
Suppose 3*w - 10 = w. Suppose 2*g + w = 4*h - 1, -2*g = -2*h. Suppose -4*a + 55 = g*k + 10, -21 = -4*a + 5*k. What are the prime factors of a?
3
Suppose -3*x = -12, 11*x - 14*x = 5*r - 1067. List the prime factors of r.
211
Suppose -73*o + 275*o = 4209074. List the prime factors of o.
67, 311
Suppose 5*k - 29*u + 32*u = 14584, -4*u + 11664 = 4*k. List the prime factors of k.
2, 1459
Let d = 312 - 308. Suppose -5*x = -a + 495, -d*a = 5*x - 658 - 1397. List the prime factors of a.
2, 3, 5, 17
Let r be 3/(-15) + (83952/(-20))/(-3). Suppose -28*i = -30*i + v + r, 2*v = -2. List the prime factors of i.
3, 233
Let h = 148858 + -86026. List the prime factors of h.
2, 3, 7, 11, 17
Suppose 0 = -5*u + 5*p + 149670, -2*u + 77779 - 17920 = -p. List the prime factors of u.
3, 5, 7, 19
Let a(